 = -t**2 + 4*t. Let r(v) = -6*o(v) - 5*y(v). Give r(k).
-12
Let w(g) be the second derivative of -g**4/4 - 19*g**3/3 - 25*g**2/2 + 507*g. Give w(-12).
-1
Let w(l) be the second derivative of l**5/10 + 7*l**4/3 + l**3 - l**2 + 1301*l + 2. Calculate w(-14).
-86
Let y be (-4 - 17)/7 + 8. Suppose -y*c - 3*i + 1 = 9, -2*c + 2 = -4*i. Let h(x) = 10*x - 2. What is h(c)?
-12
Let l(d) = 742*d + 2949. Let a be l(-4). Let b(i) = -i + 22. Determine b(a).
41
Let t(f) = f**3 + 2*f**2 + f - 1. Suppose -3*u + 3*r + 0 + 6 = 0, 4*u - 3*r = 6. Suppose -19*k + k - 36 = u. Determine t(k).
-3
Let f be 1120/24 + -1*1/(-3). Suppose -7 = -40*d + f*d. Let x(o) = 7*o**3 - o**2. Give x(d).
-8
Let h(d) = -5*d**3 - 3*d**2 - 6*d - 26. Let i(s) = -22*s**3 - 12*s**2 - 25*s - 103. Let n(f) = 9*h(f) - 2*i(f). Calculate n(-4).
4
Let h(n) = -32*n - 5 - 13 + 36*n. Let d(j) = 3*j - 16. Let x(s) = 5*d(s) - 4*h(s). Suppose -2*t - 2*b + 6 = -4*b, 0 = -4*b - 12. Determine x(t).
-8
Let x(z) be the first derivative of z**3/3 - 11*z**2/2 + 5*z + 45. Let k be x(11). Let f(r) = -r**2 + 2*r + 6. Determine f(k).
-9
Let n(g) = g**2 + g. Let u(c) = 4*c**2 - 10*c - 3. Let z(j) = -6*n(j) - u(j). Calculate z(-1).
-11
Let g(b) = 205*b - 7 - 1 - 206*b - 4. Let h(m) = m**2 - m - 7. Let k be h(-3). Give g(k).
-17
Suppose -2*i - 793 + 835 = 2*d, -i - 3*d + 17 = 0. Let u(h) = -h**2 + 14*h + 204. What is u(i)?
-3
Let p(h) be the first derivative of h**4/4 - h**3 - h**2/2 - h + 135. Give p(5).
44
Let x(v) be the first derivative of v**4/4 - v**3/3 + v**2/2 + 14*v + 31. Let n(j) = -j**3 - 7*j**2 + 3*j + 21. Let f be n(-7). What is x(f)?
14
Let t(h) = 16*h**3 - 4*h**2 + 13*h + 1. Let x(l) = 5*l**3 + l**2 + 2*l - 1. Let u(q) = -t(q) + 3*x(q). Give u(2).
2
Let b be (3 - (-2 - -2) - 3)*(-12 - -13). Let a(c) be the third derivative of 0*c - 7/24*c**4 - 10*c**2 + 1/60*c**5 - 4/3*c**3 + b. Calculate a(7).
-8
Let y = -121 + 264. Let l = y - 119. Let s(c) = -2*c - 3*c**2 - 4*c**2 - l + 21 - c**2. What is s(-2)?
-31
Let a(x) be the third derivative of x**4/3 - x**3/2 + 5599*x**2. Determine a(-4).
-35
Suppose 11*y = 2213 + 1428. Let i(l) = 324 - 646 + y - l. Determine i(4).
5
Let h be 17 - (-21)/9*(-1809)/469. Let y(m) = 2*m**3 - 15*m**2 - 6*m - 9. Determine y(h).
7
Let f(h) = -h**3 + 3*h**2 - 2. Let p(u) = 12*u**2 + 13*u + 40*u**2 + 170 - 53*u**2. Let o be p(21). Calculate f(o).
2
Let r be (528/(-154))/(12/(-42)). Let l(v) = 4*v - 40. Determine l(r).
8
Let f be (21/12)/((-2)/(-328)). Let p be (1/2)/(-5 - f/(-56)). Let w(q) = -2*q + 7. What is w(p)?
-1
Let m be -4 - (-4)/((-8)/(-10)). Let o be -1*(2 + m + 0). Let l(q) = -q + 1. Let u(p) = 8*p**3 - p**2 + 3*p - 2. Let t(y) = o*l(y) - u(y). Determine t(1).
-8
Let t(j) = -5*j**3 - j**2 - 37*j - 1. Let f(a) = 9*a**3 + 2*a**2 + 62*a + 2. Let v(x) = 3*f(x) + 5*t(x). Let m = -3 + 2. Calculate v(m).
-1
Let k(u) be the second derivative of -u**6/120 + 3*u**5/20 - 7*u**4/24 - u**3/2 + 40*u**2 - 67*u. Let c(n) be the first derivative of k(n). Determine c(8).
5
Let t(r) = -9*r - 31. Let g(c) = -22*c - 63. Let k(q) = -5*g(q) + 11*t(q). Give k(5).
29
Let r(a) = a**3 - 8*a**2 + 8. Suppose 0 = -5*c - 4*f + 26, 3*c + 6 = 17*f - 14*f. Suppose -6*z = -v - c*z + 20, -29 = -4*v - z. Calculate r(v).
8
Suppose -8*u - 42*u - 1105 = 15*u. Let h(g) = -3*g - 9. Give h(u).
42
Let t be 21/(-14)*2 - 1. Let q(z) = -27*z - 112. Determine q(t).
-4
Let o(k) = -15672 + 15671 + 2*k - 6*k - 3*k. Let n = -89 - -91. Give o(n).
-15
Let b = -7589 - -7576. Let x(a) = 3*a + 58. Give x(b).
19
Let n(w) = 11*w**2 + 598*w + 221. Let m be n(-54). Let j(h) = 3*h**3 - 11*h**2 + h - 6. What is j(m)?
99
Let z be 5*(3 - (-13)/(-5)). Let w(q) = 38690 + q**3 - 38690 + 3*q + 2*q**z. Calculate w(-2).
-6
Let s be ((-138)/21 - -6)*(-252)/36. Let i(o) = o**2 - 3*o - 1. Let d be i(4). Let f(x) = 5 - 4 + x**3 - 4*x**2 + 0*x**d. What is f(s)?
1
Let f(j) = j - 12. Let c be (127/4)/(25/(-100)). Let y = c - -136. Determine f(y).
-3
Let a(m) be the second derivative of 0 + 8*m + 19*m**2 + 1/2*m**3. Let q be a(-12). Let o(p) = 2*p**3 - 3*p**2 + p. Calculate o(q).
6
Let x(k) = -22*k - 103. Let f be x(-6). Let g(z) = 24*z + 19*z - f*z - 3 - z**2. Calculate g(12).
21
Let z be (-9 + 4)*14/(-35). Let g(a) = 2*a**z + 5 - 1 - 1 - 2 + a. Give g(-2).
7
Let m(v) = -v**2. Suppose 0 = -2*k - 10*k + 48. Suppose 5*i = -k*p - 16, -3*i = p - 2 + 13. Determine m(p).
-1
Let u = 236 - 238. Let g(x) = 3 + 6*x**3 + 96*x - 2*x**3 - x**2 - 3*x**3 - 97*x. Determine g(u).
-7
Suppose 26 = -4*h + 58. Let y(m) = -11*m**2 - 4*m - 12. Let k(i) = 7*i**2 + 3*i + 8. Let s(g) = h*k(g) + 5*y(g). Determine s(-5).
9
Let y(c) = 5*c + 33. Suppose 0 = -5*h - 93 + 68, 3*b + 31 = -2*h. Determine y(b).
-2
Let c = -50 + 7. Suppose 5*w - 92 = 4*y + 35, -2*y + 5*w = 51. Let o = y - c. Let t(l) = l**3 - 4*l**2 - 7*l + 3. Determine t(o).
-7
Suppose a - 26*l = -22*l - 9, 27 = 5*a - 2*l. Let n(c) = 3*c**2 - 10*c + a*c**2 - 24 - 15*c**2 + 6*c**2 + 0*c**2. Calculate n(12).
0
Let c(j) = 4*j**2 + 11 - 10*j - 10 - 3*j**2. Let t(m) = m**2 + 16*m + 52. Let w be t(-12). Suppose -4*x + 13 = -5*v, 0 = 3*x + v - w*v - 12. Determine c(x).
-20
Let m(y) be the third derivative of -5*y**4/12 - 3*y**3 - 19*y**2 - 12*y - 1. Calculate m(3).
-48
Let c(w) = 5*w**3 - w**2 + 19*w + 9. Let m(t) = -6*t**3 + t**2 - 21*t - 10. Let q(d) = 12*c(d) + 11*m(d). Determine q(-1).
6
Let h(t) = 8*t**3 - 12*t**2 - 66*t + 333. Let g(b) = -3*b**3 + 6*b**2 + 22*b - 112. Let d(v) = 11*g(v) + 4*h(v). Give d(17).
15
Let p = 5233 - 5229. Let k(c) = -5*c**3 - 9*c**2 - 6*c - 1. Let v(t) = 2*t**3 + 3*t**2 + 2*t. Let o(h) = 3*k(h) + 8*v(h). Give o(p).
5
Let p(t) = -41*t - 23. Let w be p(-9). Suppose 0 = -334*i + w*i - 24. Let r(k) be the first derivative of -2*k**3/3 - k**2/2 - 1. What is r(i)?
-10
Suppose -3570 + 1778 + 1788 = 4*l. Let c(n) = -15*n**2 + 3*n - 3. Let h(v) = 14*v**2 - 3*v + 4. Let s(y) = -6*c(y) - 5*h(y). What is s(l)?
21
Suppose 5*m - 11 = 3*w + 52, 15 = -3*w - 3*m. Let t(k) = 3*k - 42. Calculate t(w).
-75
Let k(m) = -m**3 + 3*m**2 + 3*m - 4. Suppose 2*g - 28 - 372 = 0. Let o be (-2)/(-6) + g/30. Let d be (-414)/(-126) + (-2)/o. Calculate k(d).
5
Let y(r) = -r**3 - 7*r**2 + 5*r - 8. Let a(j) = j**2 - 15*j - 41. Suppose -32*f + 85 = -27*f. Let i be a(f). Determine y(i).
-43
Let t(w) = 3*w**2 + 0*w**2 + 21 + 2*w + 50*w - 105*w. Let m(o) = -o**2 + 18*o - 7. Let u(g) = 8*m(g) + 3*t(g). Give u(14).
-7
Suppose 3*s = -2*q + 24, -2411*s + 2409*s = -5*q + 22. Suppose 5*y - 3 = 2*y + 3*k, 5*y - k - 13 = 0. Let n(h) = y*h + h + 0*h**2 - 2*h**2. What is n(s)?
-16
Let d(r) = r**2 + 3*r + 4. Let h = 23 - 28. Let g(o) = 3*o**2 + 15*o - 6. Let x be g(h). What is d(x)?
22
Let k(s) = 6*s**3 + 2*s - 1. Suppose 0*p - 14*p - 672 = 0. Let w be p/(-28) - 1 - 4/(-14). Determine k(w).
7
Let d(c) = -94*c + 93. Let j(z) = 34*z - 31. Let l(q) = -4*d(q) - 11*j(q). Suppose -9*y = 8*y - 238. What is l(y)?
-3
Let a = -342 + 338. Let g(y) = 3*y - 12. Determine g(a).
-24
Let q(n) = -n**3 + 10*n**2 + 40*n - 22. Let t(b) = b**3 - 6*b**2 - 4*b - 8. Let m be t(7). Let a be q(m). Let v(g) = -g**2 - 10*g + 6. Determine v(a).
15
Let s(x) = -3*x + 2. Let k(g) = 57*g - 27. Let i be k(1). Suppose -i = 59*p - 64*p. Give s(p).
-16
Let j(l) be the first derivative of l**4/6 + l**3/6 - l**2 + 3*l - 4. Let q(r) be the first derivative of j(r). Let y be 1*(-24)/30*(-15)/(-6). Determine q(y).
4
Let q(x) = 2 + 2*x + 1 + 1 + 0. Let a be 4/2 - -2 - 7. Let c be q(a). Let y(k) = -k**3 - 2*k**2 + k + 1. What is y(c)?
-1
Suppose -4 = -7*d + 3. Let z(g) = -g + 5. Let a be z(d). Suppose 0 = 2*b + a + 2. Let w(m) = m**2 + 2*m - 3. Give w(b).
0
Let i(r) = 0 - 375*r + 6 + 379*r + 1. Let q be i(-6). Let y(b) = b**3 + 16*b**2 - 17*b - 5. What is y(q)?
-5
Let c(w) = w**3 - 3*w**2 + 6*w - 6. Suppose -10*m = -12*m + 3*l + 21, 2*l + 31 = 7*m. Determine c(m).
12
Let h(f) = -17*f**2 - f - 25. Let w(t) = 3*t**2 - t + 4. Let a(d) = h(d) + 6*w(d). Let y(q) = q**3 + 6*q**2 + 4*q - 2. Let l be y(-5). Calculate a(l).
-13
Let a(n) = n**3 + 2*n**2 + 2*n + 11. Let p be ((-153)/63)/1 - 12/21. What is a(p)?
-4
Let z be 442/10 + 2/(-10). Let m be 0 - (-255)/(-6) - 36/(-24). Let c = z + m. Let f(a) = 4*a**2 - 4*a + 1. Determine f(c).
25
Suppose 2*k - 19 = -3*u + 8*u, k + 2*u = -4. Let g(a)